1*v - 14. What is m(-12)?
-2
Let q(f) = f**2 - 7*f + 4. Give q(7).
4
Let h(w) = -53*w + 313. Give h(6).
-5
Let n(y) = -y**2 - 5*y + 12. Calculate n(-7).
-2
Let g(v) = -30*v + 244. Determine g(8).
4
Let y(f) = f**3 + 3*f**2 - 11*f + 6. Determine y(4).
74
Let k(s) = -s**3 - 16*s**2 - 16*s - 12. Determine k(-15).
3
Let i(o) = -58*o + 9. Calculate i(1).
-49
Let t(f) = 26*f - 14. Calculate t(4).
90
Let m(g) = g - 30. Give m(16).
-14
Let h(g) = -g**2 - 28*g + 13. Give h(-29).
-16
Let a(p) = 2*p**2 + 23*p - 15. Calculate a(-12).
-3
Let y(g) = g**2 + 8*g - 6. What is y(-8)?
-6
Let t(k) = 6*k - 196. Calculate t(24).
-52
Let q(p) = 38*p + 6. Give q(-2).
-70
Let m(y) = 9*y**2 + 29*y - 4. What is m(-3)?
-10
Let c(k) = -12*k + 204. Give c(16).
12
Let u(s) = -2*s**2 + 3*s + 45. What is u(5)?
10
Let i(m) = 69*m**3 + m**2 + m + 1. Give i(-1).
-68
Let q(m) = -m**3 + 7*m**2 + 9*m. Determine q(8).
8
Let w(j) = -j**3 + 6*j**2 - 3*j + 157. Determine w(8).
5
Let q(b) = 6*b - 4. What is q(-3)?
-22
Let v(m) = m**3 + m**2 + m + 28. Calculate v(0).
28
Let l(x) = x**3 - 4*x**2 + 8*x. What is l(4)?
32
Let q(d) = -d**2 - 10*d - 26. What is q(-3)?
-5
Let g(n) = -2*n**2 - 7*n - 4. Give g(-5).
-19
Let y(a) = -40*a + 280. Give y(7).
0
Let u(i) = i**2 - 14*i + 44. Give u(5).
-1
Let v(g) = -4*g**3 - 7*g**2 + 11. Calculate v(-3).
56
Let x(v) = -v**3 + 5*v**2 + v + 23. What is x(6)?
-7
Let c(d) = -d**3 - d + 16. Give c(0).
16
Let g(v) = v**2 - 5*v - 21. What is g(-6)?
45
Let f(d) = -d**2 - 8*d - 9. Give f(-7).
-2
Let u(b) = -b**3 + 8*b**2 - 7*b. What is u(7)?
0
Let i(h) = -3*h + 8. Determine i(6).
-10
Let l(r) = 4*r**2 - 1. Calculate l(-2).
15
Let c(p) = -4*p - 87. Calculate c(-21).
-3
Let p(w) = w**3 - 3*w**2 - 4*w + 12. Give p(4).
12
Let b(y) = y**2 + 10*y - 8. What is b(-5)?
-33
Let z(k) = -63*k + 1128. What is z(18)?
-6
Let v(w) = w**2 + 13*w + 17. Give v(-15).
47
Let k(i) = -7*i**3 + i**2 - 2*i + 1. Calculate k(1).
-7
Let u(d) = d**3 - d - 2. Determine u(0).
-2
Let z(t) = t**2 - 6*t - 9. Calculate z(12).
63
Let j(v) = v**3 - 9*v**2 + 15*v - 1. Determine j(7).
6
Let o(y) = y**2 + 3*y + 1. Give o(-4).
5
Let p(i) = i**2 - 11*i - 2. What is p(11)?
-2
Let q(m) = -m**3 - 17*m**2 - 18*m - 32. What is q(-16)?
0
Let v(n) = -2*n**2 - 2*n + 4. Calculate v(-3).
-8
Let x(j) = -j**3 + 4*j**2 + 7*j - 22. Determine x(4).
6
Let l(j) = 2*j + 32. Determine l(-15).
2
Let i(p) = 2*p**3 + 12*p**2 + p - 11. What is i(-5)?
34
Let d(m) = m - 20. Determine d(4).
-16
Let z(l) = l**2 + 44*l - 502. What is z(9)?
-25
Let f(j) = j**3 + 7*j**2 - 3. What is f(-7)?
-3
Let k(d) = -8*d + 94. Determine k(12).
-2
Let f(q) = q**3 + 3*q**2 - 4. Calculate f(0).
-4
Let f(w) = w**2 + 19*w + 92. What is f(-8)?
4
Let f(j) = -j**3 - 12*j**2 + 14*j - 25. Calculate f(-13).
-38
Let g(m) = m + 36. Give g(-10).
26
Let n(m) = m**3 - 5*m**2 - 17*m + 38. Give n(6).
-28
Let f(l) = l**2 - 2*l - 4. What is f(-2)?
4
Let k(y) = y**3 + 3*y**2 - 4*y - 6. What is k(-4)?
-6
Let b(p) = 2*p**2 - 32*p + 49. What is b(14)?
-7
Let k(v) = -2*v - 2. Determine k(-1).
0
Let l(h) = -h**2 - 9*h - 8. What is l(-9)?
-8
Let n(b) = 4*b + 30. Determine n(-6).
6
Let m(g) = -6*g**2 - 12*g - 3. Determine m(-2).
-3
Let i(l) = 2*l**2 - 39*l. Give i(19).
-19
Let m(q) = -q**3 - 5*q**2 - 5*q - 5. What is m(-4)?
-1
Let h(z) = -3*z + 2. Determine h(-5).
17
Let z(m) = -2*m**3 + 6*m**2 + 5*m + 1. What is z(4)?
-11
Let d(n) = 5*n + 3. What is d(2)?
13
Let p(a) = a - 5. Determine p(6).
1
Let u(j) = j**3 + 12*j**2 - 2. Determine u(-12).
-2
Let v(m) = 3*m - 57. What is v(15)?
-12
Let y(j) = -j**2 + 12*j - 5. Determine y(12).
-5
Let i(n) = -6*n - 18. Give i(12).
-90
Let k(m) = m**2 - 12*m + 34. Calculate k(4).
2
Let v(d) = d**3 + 3*d**2 - 7*d - 7. What is v(-5)?
-22
Let o(g) = -6*g + 34. What is o(6)?
-2
Let p(c) = -c**3 - 5*c**2 - c + 12. Determine p(-6).
54
Let b(f) = -f**2 + 3*f + 20. Calculate b(6).
2
Let a(s) = -2*s + 26. Determine a(12).
2
Let y(f) = 10*f**3 + 7*f**2 + 7*f + 1. Calculate y(-1).
-9
Let r(d) = d**2 - d - 18. Determine r(6).
12
Let s(u) = -u**2 - 62*u + 270. What is s(-66)?
6
Let c(u) = 8*u**3 - u**2 + 3*u - 2. Give c(-2).
-76
Let f(p) = -p**3 - 2*p**2 - p - 50. Give f(0).
-50
Let d(a) = 27*a**2 + a + 3. Calculate d(0).
3
Let x(l) = -l**3 + 7*l**2 - 5*l - 23. Determine x(4).
5
Let d(u) = u**2 - 27*u + 125. Determine d(21).
-1
Let z(g) = 3*g**2 - 8*g + 3. Calculate z(2).
-1
Let y(c) = -5*c**2 + 35*c - 5. Calculate y(7).
-5
Let f(a) = 3*a + 105. Determine f(-39).
-12
Let d(w) = -3*w - 53. Give d(-17).
-2
Let j(z) = z**3 + 50*z**2 - 52*z - 37. What is j(-51)?
14
Let k(d) = -d**3 - 3*d**2 + 6*d - 5. What is k(-6)?
67
Let g(x) = -2*x**2 - 17*x - 10. Calculate g(-6).
20
Let n(h) = h**2 + 3*h - 5. What is n(0)?
-5
Let i(c) = 2*c + 2. Calculate i(6).
14
Let n(y) = -y**3 - 4*y. What is n(3)?
-39
Let b(f) = 3*f**2 - 5*f - 2. Calculate b(4).
26
Let p(j) = -j**3 + 2*j - 2. Give p(-4).
54
Let p(m) = -m**2 - 6*m + 12. Give p(-7).
5
Let r(l) = -4*l + 17. Give r(14).
-39
Let f(y) = 9*y + 55. Determine f(-6).
1
Let t(u) = u**2 + 8*u + 19. What is t(-4)?
3
Let w(b) = 5*b - 99. Calculate w(22).
11
Let i(f) = f**3 + 68*f**2 + 427*f - 2. Give i(-61).
-2
Let k(z) = -2*z**3 - 7*z**2 + 6*z - 1. What is k(-6)?
143
Let x(f) = -f**3 - 5*f**2 - 5*f - 4. Calculate x(-4).
0
Let v(a) = -4*a + 17. Give v(6).
-7
Let y(t) = -6*t + 2. Determine y(3).
-16
Let x(a) = a**3 - 11*a**2 + 24*a + 17. Calculate x(4).
1
Let x(i) = 12*i - 4. What is x(2)?
20
Let c(p) = -p**2 - 3*p + 60. What is c(6)?
6
Let l(a) = -a + 6. Calculate l(6).
0
Let d(f) = 4*f - 45. Calculate d(13).
7
Let h(y) = -y**3 - 10*y**2 - 12*y - 7. Calculate h(-9).
20
Let j(i) = i**2 - 2*i - 21. Determine j(-5).
14
Let y(j) = -j**2 - 20*j - 19. Calculate y(-6).
65
Let n(a) = -a**3 + 11*a**2 - 1. Determine n(11).
-1
Let l(x) = -x**3 + 2*x**2 + 7*x + 8. Calculate l(4).
4
Let m(f) = -3*f - 1. Give m(3).
-10
Let d(a) = a**2 + 4*a - 21. Determine d(-8).
11
Let g(k) = -4*k - 9. What is g(7)?
-37
Let r(p) = 4*p**2 + 1. Determine r(3).
37
Let b(k) = k**3 + 6*k**2 + k + 1. Give b(-6).
-5
Let t(x) = 2*x + 9. Determine t(11).
31
Let d(c) = -11*c. Give d(2).
-22
Let t(f) = -12*f**2 - 2*f + 3. What is t(1)?
-11
Let v(j) = -5*j + 7. Give v(-4).
27
Let g(x) = -2*x**2 - 2*x - 7. What is g(-5)?
-47
Let c(u) = 4*u + 17. Calculate c(-5).
-3
Let s(v) = v**2 - 4*v - 4. Calculate s(0).
-4
Let g(k) = k**3 - 2*k**2 + 9*k - 12. Give g(2).
6
Let s(h) = -h**2 - 58*h - 443. Determine s(-49).
-2
Let w(i) = -3*i**2 - 3*i + 5. What is w(4)?
-55
Let g(c) = 32*c + 9. Calculate g(2).
73
Let d(p) = -p**3 - p**2 - p - 35. Determine d(0).
-35
Let f(u) = -u - 11. Calculate f(-9).
-2
Let y(n) = n - 13. What is y(8)?
-5
Let u(d) = -2*d**2 - 3*d + 4. What is u(-3)?
-5
Let s(o) = 9*o**2 + 1. Determine s(-1).
10
Let r(t) = -2*t**3 + 2*t**2 - 4*t + 2. What is r(2)?
-14
Let m(i) = 8*i + 25. Calculate m(-10).
-55
Let r(h) = 2*h**2 - 2*h. Determine r(2).
4
Let h(k) = k**3 + k + 35. Give h(0).
35
Let c(o) = -o**2 + 30*o + 217. What is c(36)?
1
Let j(s) = s**2 + 11*s - 16. Give j(-11).
-16
Let x(q) = q**2 - 6*q - 20. Calculate x(8).
-4
Let z(u) = u**3 + 5*u**2 + 6. Determine z(-5).
6
Let l(k) = -k**2 + 16*k - 64. What is l(10)?
-4
Let h(b) = b**3 - 15*b**2 - 17*b + 21. What is h(16)?
5
Let r(i) = -i + 17. Determine r(-8).
25
Let l(p) = -p**3 - 6*p**2 + 6. Calculate l(-5).
-19
Let h(i) = -i**3 + 20*i**2 - 20*i + 13. Give h(19).
-6
Let t(p) = -p**2 + 10*p + 53. Calculate t(14).
-3
Let p(a) = 34*a - 1. Determine p(-2).
-69
Let o(q) = 5*q + 127. What is o(-28)?
-13
Let q(s) = -24*s**2 + s - 4. Determine q(0).
-4
Let y(s) = -s**2 + 8*s + 2. What is y(6)?
14
Let a(x) = -78*x + 147. What is a(2)?
-9
Let n(a) = -a + 6. Determine n(-11).
17
Let d(v) = v**3 + 6*v**2 + 3*v - 16. Calculate d(-5).
-6
Let a(z) = -2*z + 10. What is a(15)?
-20
Let p(f) = -f**2 + 33*f - 198. Calculate p(8).
2
Let d(g) = -2*g**3 - g**2 + g - 14. What is d(0)?
-14
Let u(f) = -f**2 + 16*f. Determine u(16).
0
Let a(b) = -4*b**2 - 14*b - 52. What is a(-6)?
-112
Let d(h) = h**2 + h - 100. Determine d(0).
-100
Let w(z) = 4*z + 17. What is w(-3)?
5
Let y(l) = -l**3 - 7*l**2 - 4*l + 4. Determine y(-7).
32
Let q(s) = -6*s**3 - 3*s**2 - s - 10. Give q(3).
-202
Let h(w) = 2*w + 7. Determine h(-7).
-7
Let a(f) = f**